actors of x?
2
Suppose -3*g - 2*u = -3 - 1, -5*u + 35 = -5*g. What are the prime factors of (g/(-1) - 3) + 3?
2
Let d = -6 + -3. List the prime factors of (110 - -1)*6/d*-2.
2, 37
Suppose h = 5*s + 1546 - 266, -6288 = -5*h - 3*s. What are the prime factors of h?
2, 3, 5, 7
What are the prime factors of 3 - 9187/(-9) - 10/(-45)?
2
Let c = 1775 - 1251. What are the prime factors of c?
2, 131
Suppose -3*a + w - 113 = -0*w, 0 = 5*a + w + 183. Suppose -q + 144 = q. Let u = q + a. What are the prime factors of u?
5, 7
List the prime factors of 807 + -4 + (0 - -6) - 0.
809
Let y be 60 - (-3 + 1)/((-18)/9). Suppose -y = -2*d + 35. What are the prime factors of d?
47
Let v = 78 - 60. Suppose 4*d = v*d - 1344. List the prime factors of d.
2, 3
What are the prime factors of (-1817 + (-21 - -8))*(-2)/5?
2, 3, 61
Suppose 66*g - 77*g = -5027. What are the prime factors of g?
457
Suppose -y - 53 = -3*b, 5*b - 5*y = 41 + 44. Let f = b - 16. Suppose 2*g - 3*v = 18, -g + 4*v = -2 - f. What are the prime factors of g?
2, 3
Suppose 11 = -5*v + 36. Suppose 0*c - 30 = -v*c. What are the prime factors of (1 + c)/((-2)/(-4))?
2, 7
Let o be 32/208 - (-154)/13. Suppose o - 27 = -3*t. What are the prime factors of t?
5
Let g(c) = -c - 3. Let r be g(-5). What are the prime factors of 33 - (-7 + r)/5?
2, 17
Let d be 10/20 - (-14)/4. Let w be (-1)/d - 84/(-16). Suppose 0 = -w*r + 3*k + 121, -7*r + 2*r + 5*k = -115. List the prime factors of r.
2, 13
Let k(g) = -5*g - 8. Let j be (-26)/1*(-2)/4. Let r = 11 - j. List the prime factors of k(r).
2
Let c be 8/(-28) + 74/14. Let f(z) = 4 - c + z**2 - 9*z + 1. List the prime factors of f(10).
2, 5
Suppose c - 4*t - 300 = 5*c, -3*c - 235 = -2*t. Let p = 23 + c. What are the prime factors of p*(33/(-9) + 3)?
2, 3
Let l(t) = -2*t - 5*t + 19 - 3*t - 2*t. What are the prime factors of l(-4)?
67
Suppose 0 = -4*k - n - 3160, -2*n = -k + 3*n - 790. Let c be (-2)/(5*(-4)/k). What are the prime factors of 3 - c - (3 + 0)?
79
Let d = 82 + -84. What are the prime factors of -2 - 91/(-1 + 0/d)?
89
Let c = -28 - -34. Suppose 1479 + 417 = c*g. What are the prime factors of g?
2, 79
Suppose 2*g = -4, -4*g - 10 = -4*s + g. Suppose s = 3*i + 63 - 393. List the prime factors of i.
2, 5, 11
Suppose 3*b - 4*q = 107 - 618, 0 = 3*q + 6. Let g = 242 + b. List the prime factors of g.
3, 23
Suppose -5*s - 8 + 3 = 0. List the prime factors of (2 - s) + -6 - -283.
2, 5, 7
Let n(a) = 14*a**3 - 26*a**3 + 15*a**3 + 1 - 3*a**2. List the prime factors of n(3).
5, 11
Let k be ((-3)/(-5))/(2/10). Suppose 200 = 4*i + 5*b, k*i - 182 = -2*b - 25. List the prime factors of i.
5, 11
Suppose -26*r = 6*r - 9088. List the prime factors of r.
2, 71
Let m(n) = n**3 - 5*n**2 + 12*n - 3. Let a be ((-8)/(-10))/(8/40). Suppose a*u = 5*y - 37, -4*u - 45 + 18 = -3*y. List the prime factors of m(y).
3, 19
Suppose -4*r = 4, -11 = -3*t + 4*r + 32. Suppose 0 = 4*f - h - 6, -2*h = -3*f - 6*h + 14. Let k = t - f. What are the prime factors of k?
11
Let b be (28/(-8) - -3) + 55/(-10). Let x(s) = -s**3 - 3*s**2 - 11*s + 13. What are the prime factors of x(b)?
11, 17
Let c(k) = k**3 + 11*k**2 + 9*k - 10. Let l be c(-10). Let n(f) = l*f + 3 - f - f + 1. What are the prime factors of n(-6)?
2
Let h = 31 - 21. Suppose 8*y - 3*y - h = 0. Suppose 5*t + 3*p - 153 = 0, 5*t = y*p + 2*p + 146. List the prime factors of t.
2, 3, 5
Let n(w) = 2*w + 19. Let z be n(-10). Let h be ((-132)/(-77))/(z/14). Let r = h + 76. What are the prime factors of r?
2, 13
Let y be (-5 - (-48)/6)/((-3)/(-4)). Suppose -d + 2*d - 148 = 2*s, y*s + 440 = 3*d. List the prime factors of d.
2, 3
Suppose n = 1 + 1. Suppose 3*x + n = 8. Suppose 0 = -z + x*z - 22. What are the prime factors of z?
2, 11
Let h = 11333 - 5481. List the prime factors of h.
2, 7, 11, 19
Let g(p) be the first derivative of p**3/3 - 5*p**2/2 + 4*p - 7. List the prime factors of g(7).
2, 3
Suppose -9*x - 21 = -2*x. Let l(o) = 5*o**2 + 6*o + 6. What are the prime factors of l(x)?
3, 11
Let y(h) = 346*h**2 + 4*h - 20. List the prime factors of y(2).
2, 7
Suppose 4*b - 4*i - i - 12 = 0, 0 = 5*b - i - 36. Suppose -4*z = -4*n + 372, -b = z + 3*z. What are the prime factors of n?
7, 13
Let m = -89 + 220. List the prime factors of m.
131
Let b(q) = 572*q**2 - 30*q - 64. What are the prime factors of b(-2)?
2, 571
Let p be ((9 - 3)/(-18))/((-2)/30). Suppose -p*b - 3*c = -503, 0*b + c + 313 = 3*b. What are the prime factors of b?
103
Let t = 25 - 23. Suppose 10*y - 9*y = t. What are the prime factors of y + 41 + 5 + -5?
43
Let f = 8 - 3. Suppose -c = -5*z - 3685, -5*z - c - 3700 = -f*c. List the prime factors of 4/(-14) + z/(-28).
2, 13
Suppose 4*t - 175 + 3 = 0. Suppose 2*a = -6, -2*x + 4*a = -129 - t. What are the prime factors of x?
2, 5
Let v = 56 + -51. Suppose -5*l + 889 + 226 = 3*j, 0 = v*l - 4*j - 1080. List the prime factors of l.
2, 5, 11
Suppose 11*o + 14 = -41. Let f(d) be the second derivative of d**5/20 + d**4/2 + d**3/6 + 5*d**2/2 + d. What are the prime factors of f(o)?
5
Let r = -3 - -6. Suppose -r*p = -28 - 107. Suppose 4*k = k + p. What are the prime factors of k?
3, 5
Let x(v) = -v**2 - 4*v + 2. Let u be x(-4). Suppose 0 = u*s - 2*q - 48, q = 1 - 0. List the prime factors of s.
5
Let i = 68 + -86. What are the prime factors of i/(-4)*78/9?
3, 13
Suppose 3*q = -5*f + 8*q + 1570, 5*f - 1610 = -3*q. List the prime factors of f.
11, 29
What are the prime factors of 4/6 - (-3452)/6?
2, 3
Let c = -12 + 14. Suppose -2*n + 4*n = 4. Suppose -86 = -4*b + c*i, 3*b - n*i - 31 = 33. What are the prime factors of b?
2, 11
Let i = 20 + -14. Suppose i*r - r = 85. List the prime factors of 9/12*(r + -1).
2, 3
Let s = 1 + -3. List the prime factors of ((-1)/s)/((-14)/(-392)).
2, 7
Let b(v) be the first derivative of 14*v**5/15 - v**3/3 - v**2 - 5. Let i(x) be the second derivative of b(x). What are the prime factors of i(-1)?
2, 3
Suppose -v - 4 = 0, l = v + 10 - 3. Suppose k - 2*w = 9, 7 = 3*k + l*w + w. Suppose -r = 3*u - k, -2*r = -2*u + r + 18. What are the prime factors of u?
3
What are the prime factors of (-3 - -324)/((-24)/(-112))?
2, 7, 107
Suppose -t = 5*h - 227, h + 0*h = -3*t + 737. What are the prime factors of t?
13, 19
Suppose 4*d - 14 + 54 = 0. List the prime factors of -3 + (-4 - d) + 34.
37
What are the prime factors of (3 + 1 - 7)/((-3)/223)?
223
Let s be (1 - -3)/(4/(-852)). Let i = 58 + -36. What are the prime factors of 4/i + s/(-33)?
2, 13
Let m(c) = -4*c - 13. Let t be m(-4). Let u(w) = t*w + w**2 + 0*w + 2*w**2 - w. List the prime factors of u(3).
3, 11
Let h(x) = -18*x**3 - 5*x**2 - 5*x - 4. Let u = -32 - -30. What are the prime factors of h(u)?
2, 5, 13
Let y(h) = -10*h**3 + 3*h**2 - 3*h - 7. What are the prime factors of y(-4)?
3, 7, 11
Let q(d) = d**3 - 5*d**2 - 18*d - 7. Let m(c) = -c**3 - c**2 + c + 8. Let h be m(0). What are the prime factors of q(h)?
41
Suppose -4472 = -1203*u + 1201*u. List the prime factors of u.
2, 13, 43
Suppose p + 4*q - 21 = 0, 2*p - 5*q = -0 + 55. Suppose 3*t = 4 + 2, -2*l + 6 = -3*t. Suppose b = l*b - p. What are the prime factors of b?
5
Let m(b) be the second derivative of -b**5/20 - 3*b**4/4 - 8*b**3/3 - 6*b**2 + 15*b. What are the prime factors of m(-9)?
2, 3, 11
Suppose 3*n = 5*n + 516. What are the prime factors of 2/((-399)/n - 3/2)?
43
Let s(j) = 6*j - 36. Let c = -95 - -124. List the prime factors of s(c).
2, 3, 23
Let q = -221 - -993. List the prime factors of q.
2, 193
Suppose 3*s = 2*s - 40. Let x = s - -40. Suppose x = -2*v + 94 - 8. List the prime factors of v.
43
Let t be ((-4)/(-5))/((-8)/(-20)). List the prime factors of 6/4*t/(-3)*-227.
227
Let l(j) = -40*j**3 + 2*j**2 + 2*j + 1. Let i be l(-1). Suppose 2*g = 6*g - 24. Suppose -g*t + i = -13. List the prime factors of t.
3
Let c(v) = -2*v + 7*v**3 - v**2 - 5*v**3 + 4*v. Let y be c(2). What are the prime factors of (-1)/(-2)*(y - 2)?
7
Let n(i) = -i**3 - 4*i**2 - 2*i - 6. Let x be n(-4). Suppose 49 = 2*p - x*q - 5, 2*q = -4*p + 114. What are the prime factors of p?
2, 7
Suppose -6*t - 5*s = -2*t - 3144, 2358 = 3*t + 5*s. What are the prime factors of t?
2, 3, 131
Let l(p) be the second derivative of p**5/20 - 13*p**4/24 - 5*p**3/6 - 3*p. Let r(f) be the second derivative of l(f). List the prime factors of r(6).
23
Suppose -f = -0*